
2, 5
Let n(t) = 2*t**2 - t - 4. Let g(u) = u - 8. Let p be g(9). Suppose -y = -4 + p. List the prime factors of n(y).
11
Let p(o) = -o**3 + 21*o**2 + 50*o + 27. List the prime factors of p(23).
7, 17
Suppose 4*x = 5*s + x - 7, 4*x - 2 = s. Suppose 3*b - b - s = 0. What are the prime factors of 0 + (-3)/(-1) + b?
2
Let f(l) = -5*l + 3*l + 2*l**2 + 0*l**2. Let s be f(4). Suppose -a = a - s. List the prime factors of a.
2, 3
Suppose 3*s = -6, 2*y - 26 = 3*s + 34. What are the prime factors of y?
3
Let o(j) = j**3 - 5*j**2 - 2*j - 4. Let v be (-4)/((-4)/(-18)*-3). List the prime factors of o(v).
2, 5
Let q(b) = -2*b - 4. Let c be q(-3). Suppose -2*p - 5*z + 16 = 0, 3*z + c = 5*p - 7. What are the prime factors of (p + -2 - -4) + 0?
5
Suppose -4 = -4*k + 2*k. Suppose 3*q = -k*d + 7*d + 6, -2*d - 10 = -5*q. List the prime factors of q.
2
Let f = 8 - -162. List the prime factors of f.
2, 5, 17
List the prime factors of (-4)/6 + -1 + (-1354)/(-6).
2, 7
Suppose 0 = -5*z + 6 - 16. List the prime factors of z/7 + (-258)/(-21).
2, 3
Let j = 19 + -6. What are the prime factors of j?
13
Suppose o - 5*o - 140 = -4*x, o = 4*x - 134. List the prime factors of x.
3, 11
Let b(j) = j**3 + 6*j**2 - j - 12. List the prime factors of b(4).
2, 3
Let t = 17 + -13. List the prime factors of t.
2
Let l be (2/(-4 - -2))/(-1). Suppose -t = -2 - 5. Suppose -t = -w - l. What are the prime factors of w?
2, 3
Let k(h) = 3*h - 8. Suppose -45 = 2*g - 7*g. Let a be k(g). Suppose -2*m + 58 = 5*u - m, 2*u - a = m. List the prime factors of u.
11
Suppose -2*i + 148 = 5*x, -4*x - x + 2*i = -132. List the prime factors of x.
2, 7
Suppose -f - 40 = 2*c - 0*f, 5*c + 95 = -5*f. Let d be (12/9)/(-4)*c. Suppose -2*x = -d*x + 55. What are the prime factors of x?
11
List the prime factors of (109 - 1)*(-14 - -15).
2, 3
Suppose 717 + 958 = 5*w. List the prime factors of w.
5, 67
Suppose -4*k - 6 = 26. Let r(f) = -4*f + 4. Let q(t) = t - 1. Let u(g) = -5*q(g) - r(g). What are the prime factors of u(k)?
3
List the prime factors of (3/2)/((-3)/(-186)).
3, 31
Suppose 0 = k + k - 10. Suppose -k*v + w = -37, 0 = -2*v - 3*w + 4 + 4. List the prime factors of v.
7
Suppose 0 = -5*h - 29 + 4. List the prime factors of (h - 1)/(24/(-16)).
2
Let o(x) = 5*x + 4. Suppose -5*z = 3*j - 32, 3*j + 2*j - 4*z = 4. List the prime factors of o(j).
2, 3
Suppose 0 = -15*s + 2044 + 3101. List the prime factors of s.
7
Let u(m) = 35*m - 43. List the prime factors of u(11).
2, 3, 19
Let o be 2/(-3)*30/(-4). Suppose -5*b - o = r, -2*r - 3*b = -2 - 2. What are the prime factors of r - (0 + (-3 - -3))?
5
Let y(a) = -a**2 + 2*a - 1. Let f be y(2). Let w = 1 - f. List the prime factors of w.
2
Suppose -5 - 10 = -3*p. Suppose p*c + 9 = -1, 2*c = 2*i - 8. Suppose -i*a = -10 - 2. List the prime factors of a.
2, 3
Suppose 4*o = 6*o - 10. What are the prime factors of o?
5
Suppose 0 = -6*b + 620 + 514. What are the prime factors of b?
3, 7
Suppose 0 = -3*x - 12 + 42. What are the prime factors of x?
2, 5
Let s(i) = i - 4. Let f be s(0). Let d(k) = -k**3 - 2*k**2 + k - 4. List the prime factors of d(f).
2, 3
Let d be 4/(-10) + (-33)/5. Let i(n) = -n + 6. List the prime factors of i(d).
13
Suppose 5*d - 301 = -4*k, -4*d + 13 = -7. List the prime factors of k.
3, 23
Suppose -60*f = -63*f + 228. What are the prime factors of f?
2, 19
Suppose -6*h = -9*h - 9. List the prime factors of 2*h*1/(-3).
2
Let u be (-2)/4 - (-2)/4. Suppose u = 2*p - 4*p - 2*x - 22, 0 = -4*p - 3*x - 39. Let n = p - -26. What are the prime factors of n?
2, 5
Let y(u) = 96*u**2 - u. List the prime factors of y(-1).
97
Let b be 4/2 + (-12)/3. What are the prime factors of (-6)/9*21/b?
7
List the prime factors of 0 - 2 - 13/(-1).
11
Let w = 20 + 51. What are the prime factors of w?
71
Let s be 0/(-1) + 0 - -3. Suppose s*u + 4*t = 18, 4*u = -0*u + 2*t + 24. What are the prime factors of u?
2, 3
Suppose -5*u - 3*l - 297 = 0, -3*l - 22 = u + 35. What are the prime factors of (3/(-3))/(4/u)?
3, 5
Let o(q) = q**2 + 7*q - 17. What are the prime factors of o(-17)?
3, 17
Suppose -109*r + 113*r - 572 = 0. List the prime factors of r.
11, 13
Suppose -2*r + 56 + 34 = 0. List the prime factors of r.
3, 5
Let g = 56 + -26. Suppose 0*n - 2*n = -g. List the prime factors of n.
3, 5
Let m(u) = -4*u**2 + 29*u + 48. Let r(i) = 3*i**2 - 19*i - 32. Let t(o) = 5*m(o) + 7*r(o). What are the prime factors of t(-11)?
5
Let r(g) = -2*g - 7. Let q be r(-5). Suppose -4*k + q*h = -57, h - 74 = -5*k + 2*h. List the prime factors of k.
3, 5
Let c(z) = 13*z**2 + 2*z - 2. Let h be c(2). Suppose -3*m + h = -3*o, 0*m - 8 = -m - o. List the prime factors of m.
13
Let j(o) = -o**2 - 6*o + 3. Let s be j(-4). What are the prime factors of (8 - 7) + s/1?
2, 3
Let x(n) = n - 7. Let m be x(7). Suppose 2*s = -m*s + 4. Suppose 3*w = -s*w + 15. What are the prime factors of w?
3
Suppose -30 = 6*x - 7*x. List the prime factors of x.
2, 3, 5
Let c(y) = -14*y - 1. Let a be c(1). Let u be 6/a - (-64)/10. Suppose 0 = -u*v + 2*v + 36. List the prime factors of v.
3
Let m(s) = s**3 + 6*s**2 + 3*s - 5. Suppose 0*t = -5*t + 25. Suppose t + 0 = -w. List the prime factors of m(w).
5
Let k be 1/(-2) - (-21)/2. What are the prime factors of ((-18)/5)/(k/(-75))?
3
Let k(s) = -s**3 - 11*s**2 + 8*s + 2. List the prime factors of k(-12).
2, 5
Suppose 3*v = 2*v + 4. Suppose -i - v*i - 140 = 0. List the prime factors of ((-21)/i)/(2/8).
3
Suppose 3 = 4*t - 3*t. Let h = 5 - 3. What are the prime factors of (5 + -3)*t/h?
3
Suppose 0 = -4*x + 2*x + 450. Suppose 6*f = x + 93. What are the prime factors of f?
53
Suppose 2*z - 8 - 47 = 5*j, 0 = -3*z. Suppose 3*s + 27 = 87. Let o = j + s. List the prime factors of o.
3
Let f(y) = y**2 - 2*y + 32. What are the prime factors of f(0)?
2
Let y = -24 - -85. List the prime factors of y.
61
Suppose -8*b + 30 = -3*b. Suppose 2*a - 20 = -b. What are the prime factors of a?
7
Let y(i) = 5*i - i**2 + 3*i - 15*i - 17 - 7*i. What are the prime factors of y(-8)?
31
Suppose 0 = 3*q - 6*q + 12. Suppose -29 = -q*f - 4*g - 5, -f = 2*g - 4. List the prime factors of f.
2
Suppose -2*y - 8 = 2*y. Suppose -3*x = -2*i + 191, 4*i - 377 = 5*x - 0*x. List the prime factors of i/12 + y/(-3).
2
Let s(r) = -r**3 + 2*r**2 + 3*r + 2. Let t be s(3). Suppose 12 = q - 18. List the prime factors of q/4*(t + 0).
3, 5
Let g be 7/3 + (-2)/(-3). Suppose 5*y - 2*w - 36 = 26, g*y + 4*w = 32. List the prime factors of y.
2, 3
Let h be (10/(-15))/(1/(-3)). Suppose 4*z + h*b = 6*b, z + 2*b = 6. List the prime factors of (-94)/(-12) - z/(-12).
2
Let u = -19 - -35. List the prime factors of u.
2
Let d(n) = 5*n + 2. Let i be d(2). Suppose 0*w + 32 = 4*w - k, -w - 2*k = -8. Suppose -5*h + 3*a = -i, 3*h + h - w = 4*a. What are the prime factors of h?
3
Let v be 1*2/4*6. Let t = v - -1. What are the prime factors of t?
2
Let o be 1 + 5/(10/4). Let u(c) = 0*c + 4 - o*c + c**2 + 4*c. What are the prime factors of u(-3)?
2, 5
Let j = -4 + 7. Suppose -j*l = 3 - 0. Let z = l - -9. What are the prime factors of z?
2
Let l(r) be the third derivative of -1/6*r**3 + 0 - 1/12*r**4 + 0*r + 1/60*r**5 - 2*r**2. List the prime factors of l(5).
2, 7
Suppose -7*i - 14 = -5*i. Suppose 0 = -5*y + 9 + 41. Let p = y + i. What are the prime factors of p?
3
Let u be 1 - -1 - (-4 + 3). Suppose -x = z - u, z + 2*x + 0*x = 1. Suppose -5 = -z*w, -11 = -2*a - w - 4*w. What are the prime factors of a?
3
Let f be 0/(2 - (1 - -2)). Suppose f*k = -2*k + 6. Suppose 40 = 7*u - k*u. What are the prime factors of u?
2, 5
Let h(x) = 2*x - 5. Let b(d) = 6*d - 16. Let n(j) = -3*b(j) + 10*h(j). List the prime factors of n(5).
2
Suppose 5*i = 208 - 23. List the prime factors of i.
37
Suppose k = 4 - 1. Suppose -5*r - k*i = 3, -r = -2*r + i - 7. List the prime factors of (9 + (-2 - r))/2.
5
Let i(p) = 5*p**2 + 2*p + 1. Let w be i(-1). Let u(l) = 2*l**2 - 2*l + 3. Let n be u(3). Suppose n - 39 = -w*h. What are the prime factors of h?
2, 3
Let q = 2 + 1. Let w be 2/(-3) - (-14)/q. Let n = w - 2. List the prime factors of n.
2
Let r(m) = -m**2 + 11*m + 4. What are the prime factors of r(11)?
2
Let x = -65 + 34. Let y = -19 - x. Let w = -1 + y. List the prime factors of w.
11
Suppose -18 = -2*i + 158. Let g = i + -41. What are the prime factors of g?
47
Suppose 0 = -4